/(-1) - -7*3/21. Let g = 462 + j. What are the prime factors of g?
2, 5
Suppose -4*h + 132595 = 5*r, -132595 = -5*r + 11*h - 13*h. What are the prime factors of r?
23, 1153
Let s be (-42 - -43)/((-1)/49*1). Let g = 52 + s. Suppose 0 = 5*w - 5*p - 1245, 4*p - 9 = g. What are the prime factors of w?
2, 3, 7
Let z(m) = 6*m + 24. Let d be z(-8). Let h be (-1938)/d + (-3)/(-12). Let c = 122 - h. What are the prime factors of c?
41
Let p = 5298 - 3783. List the prime factors of p + (5/3 - (-115)/(-15)).
3, 503
Suppose 4*l - 24 = 4*m, 0*l + 18 = -5*m - l. List the prime factors of 369 - (m - (4 - 3)).
2, 11, 17
Suppose -4*k = 5*j - 5, 0 = -2*k - 2*j - 0*j + 2. Suppose k = 3*q - 2*w - 0*w - 2109, 5*q + 3*w - 3534 = 0. List the prime factors of q.
3, 5, 47
Let m = -3882 + 4811. What are the prime factors of m?
929
What are the prime factors of -3 + 27925 + -5 - (-15)/3?
2, 23, 607
Let r(h) = h**2 - 59*h + 1953. List the prime factors of r(96).
3, 5, 367
Suppose 404 = -z - 4*g - 810, -g + 3 = 0. List the prime factors of (z/3)/((-36)/162).
3, 613
Suppose 30*u = -4*u + 1549139 - 5063. What are the prime factors of u?
2, 3, 29
Suppose 3*r + 140 = 5*r. Let m = r + 40. Suppose -h - m = -2*b, 5*h - h = -b + 37. List the prime factors of b.
53
Let l(u) = 30*u**2 + 25*u - 1. Let f be l(-5). Suppose 0 = 5*s - 2*x - 1702, 3*s + 4*x - 418 = f. Suppose -s = -0*d - 3*d. What are the prime factors of d?
2, 3, 19
List the prime factors of 8428/10*(36/4 - (5 - 1)).
2, 7, 43
Suppose a = 175*y - 172*y - 608, 414 = 2*y - 5*a. What are the prime factors of y?
2, 101
Suppose 0 = g - 5*u - 11435, -65*g + 70*g = -2*u + 57175. What are the prime factors of g?
5, 2287
Suppose -3*p + 2321*d + 66036 = 2316*d, 6 = d. What are the prime factors of p?
2, 7, 11, 13
List the prime factors of (26 - (8 + 19)) + 32882.
131, 251
Let t be 7*(9522 + -3 + 8). Suppose 6*y + 43*y = t. List the prime factors of y.
1361
Let a(t) = t**2 - 11*t - 136. Let f be a(20). Let p(g) = g**3 - 42*g**2 - 54*g - 130. What are the prime factors of p(f)?
2, 683
Let d be (-20 + 20)/(0 + 0 + -2). Suppose 0 = -5*l + 3*v + 835 + 1038, d = 3*l - 3*v - 1119. What are the prime factors of l?
13, 29
Let v be (0 + 3)*-2*(-12)/9. Let n(m) = -146*m + 16*m - v + 45*m. What are the prime factors of n(-2)?
2, 3
Suppose 3*w + 5 = -28*o + 29*o, -11 = w + 2*o. Let a(q) = 2*q**2 + 5 - 4 + 2. What are the prime factors of a(w)?
3, 7
Let c(f) = 0 + 21*f**2 - 3 - 3*f + 15*f**2 - 32*f**2. List the prime factors of c(-3).
2, 3, 7
Let x(s) = s**2 - 8*s - 17. Let h be x(10). Suppose 4*p = -h*l + 23 + 16, 0 = 5*l - 25. What are the prime factors of 269 + ((-3)/(-9) + 0)*p?
271
Suppose 111*m = 119*m - 32. List the prime factors of 1201 - (m + -9 - (-1 - 0)).
5, 241
Let a be 11465/(-25) - -9 - (-2)/(-5). List the prime factors of 12/4*-2 - a.
2, 3, 37
Let q be 15/(-1 - -4) + 0. Let d be (-15)/75 - (-136)/q. Let s = d + 43. List the prime factors of s.
2, 5, 7
Let i(n) = n**2 + 30 - 98 - 14 + 23*n. Let k be i(-28). Suppose 131 + k = b. List the prime factors of b.
3, 7
Suppose -34965 = -2*g - l - 1977, 5*g - 82464 = -l. List the prime factors of g.
2, 7, 19, 31
Let i(w) = -w**3 - 6*w**2 + 9*w + 16. Let u be i(-7). Suppose 4*v = -c + 49, -5*c + 3*c = -u*v + 22. Suppose f = -v*f + 1235. List the prime factors of f.
5, 19
Let u = -74 - 24. Let s = u - -207. List the prime factors of 0 + 1 + (s - 10).
2, 5
Let n(a) = -1040*a**3 - 4*a**2 - 8*a + 8. What are the prime factors of n(-2)?
2, 3, 347
Let a be ((-10)/40 - (-6721)/4) + 0. Suppose 4*b + o = -4*o + 2240, a = 3*b - 2*o. List the prime factors of b.
2, 5, 7
Let i(u) = -4*u + 17. Let o be i(5). Let m = o + 6. Suppose m*n = -2*a + 171, 5*n - 5*a - 149 - 136 = 0. List the prime factors of n.
3, 19
Suppose 5*g = 5*a - 18210, -42*g = -45*g + 21. List the prime factors of a.
41, 89
Let n(y) = 103*y + 404. List the prime factors of n(50).
2, 2777
Let k(o) = -6*o - 51. Let m be k(-9). Suppose 5*y - 509 - 336 = m*w, 2*y = -4*w + 364. List the prime factors of y.
2, 43
Suppose 28*n = -59 + 171. Suppose 3*s + 3804 = n*u, 37*u + 4*s = 35*u + 1902. List the prime factors of u.
3, 317
Let r(y) = 39*y + 85. Let k be 0 + -1 + 0 + 5*5. What are the prime factors of r(k)?
1021
Suppose -2*g = 3*c - 13, 0 = -0*g - 5*g + 10. Suppose -4*y = 2*k, -k - 6 = 5*y - c. Suppose 2*r = -2, k*v + 5*r = 280 + 241. List the prime factors of v.
263
Let q(u) be the first derivative of 17*u**3/3 - 6*u**2 - 8*u + 3. What are the prime factors of q(-5)?
3, 53
Suppose -153 - 179 = -4*w. Suppose -l + 3*h - 18 + w = 0, 2*l + 3*h - 85 = 0. Let x = l - -5. List the prime factors of x.
5, 11
Suppose h = -c + 2*c - 14785, -5*h + 59158 = 4*c. List the prime factors of c.
3, 31, 53
Let n(h) = 7*h**2 - 6*h + 13. Let m be n(6). Let b(y) = -y**3 - 10*y**2 - 14*y - 19. Let s be b(-7). Let w = m + s. What are the prime factors of w?
7, 23
Suppose 33*t + 8*t = 234971. List the prime factors of t.
11, 521
Suppose v = 5*u + 14315, -10*u = -2*v - 9*u + 28585. What are the prime factors of v?
2, 5, 1429
Let m = 23 + 19. Let j = -32 + m. What are the prime factors of (-465)/6*(-16)/j?
2, 31
Suppose 71354 = 4*u + 3*l, -u + 29*l + 17846 = 31*l. List the prime factors of u.
2, 37, 241
Suppose -10*y + 28 = -3*y. What are the prime factors of (3 + -4)/(1*y/(-1100))?
5, 11
Let j = 0 - -5. Let d(q) = 3*q**3 + 6*q**2 - 5*q + 9. List the prime factors of d(j).
509
Suppose 242610 = -2145*j + 2149*j + 2*i, 2*j + 3*i = 121311. List the prime factors of j.
3, 23, 293
Let j be (-1 - (-35)/28) + 15/4. Suppose -d + 5*d - j*y - 40 = 0, 0 = 5*d + 2*y - 85. List the prime factors of d.
3, 5
Suppose 3*p - 9478 - 6996 - 13151 = 0. What are the prime factors of p?
5, 79
Suppose 341 + 49379 = 8*w. Suppose -23331 = -17*g + w. What are the prime factors of g?
2, 11, 79
Suppose 0 = 3288*v - 3292*v + m + 142046, -m - 177556 = -5*v. What are the prime factors of v?
2, 5, 53, 67
Let i(k) = -60*k**2 + 1 + 73*k**2 - 6 + k**3 - 6. Let p be i(-13). What are the prime factors of (-496)/(-2) - (-55)/p?
3
Let j(n) = -10*n + 234. Let y be j(23). Suppose y*w = 2*i + 1482, -9*i = -11*i + 6. List the prime factors of w.
2, 3, 31
Suppose y - 6 = -g + 2, 2*g = -5*y + 25. Suppose -k + 12 = -t - y*k, 36 = -4*t - 5*k. What are the prime factors of (4 - -4) + t + 56?
2, 3, 5
Let j be (-19)/((-171)/54) + 1*16. List the prime factors of 77/j*(-648)/(-7).
2, 3
Let b(v) = 939*v - 9725. List the prime factors of b(99).
2, 20809
Suppose -36824 = -3*r + 2*h, -135*r + 136*r - 4*h - 12268 = 0. List the prime factors of r.
2, 3, 11, 31
Let y(f) = f**2 + 19*f + 12. Let v be y(-14). Let h = 287 + v. List the prime factors of h.
229
List the prime factors of 6 - 47/((-799)/394536).
2, 3, 53, 73
Suppose 0 = -298*s + 291*s + 350. Let o(t) = -3*t + 9. Let d be o(-11). Let q = d + s. What are the prime factors of q?
2, 23
Suppose 0 = 23*c + 4*c + 84141 - 2066886. List the prime factors of c.
5, 19, 773
Let u = 3372 + -885. Let v = 3717 - u. What are the prime factors of v?
2, 3, 5, 41
Let l = 1 - -5. Suppose 1 = -2*h + 9. Suppose l*q - h*q = 124. List the prime factors of q.
2, 31
Let y(b) = -17 + 7 - 2*b - 20. Let g be y(-14). Let o(j) = -50*j + 4. What are the prime factors of o(g)?
2, 13
Suppose 6*x - 5*x - 8 = 2*r, 0 = -x - 4*r + 20. Suppose -14*k + x*k = -554. What are the prime factors of k?
277
Let x(v) = 4*v**2 + 76*v + 782. List the prime factors of x(-64).
2, 6151
Suppose 3*w - 58*z = -57*z + 128568, 5*w = 5*z + 214280. What are the prime factors of w?
2, 11, 487
Let j(q) = -28*q - 30. Let u be j(-14). Suppose -5*n - 92 = -u. List the prime factors of n.
2, 3
Let f(z) = -2*z**3 - 30*z**2 - 221*z - 26. List the prime factors of f(-14).
2, 3, 223
Let k be 0 + (0 - 3) + 4. Let b(t) = -k + 0 + 10*t + t - 3*t. List the prime factors of b(12).
5, 19
Suppose 0 = -10*h - 655 + 40115. List the prime factors of h.
2, 1973
Let u(r) = 7*r**3 - 3*r**2 + 11*r + 240. Let g(m) = 8*m**3 - 4*m**2 + 13*m + 239. Let n(t) = -5*g(t) + 6*u(t). What are the prime factors of n(0)?
5, 7
Let v(i) = -92*i. Let b be v(3). Let g = 606 - b. List the prime factors of g.
2, 3, 7
Let z(q) = 883*q**2 - 20*q - 74. List the prime factors of z(-3).
7933
Let r = 15 + -11. Suppose 662 = 6*t - 28. Suppose c = -2*v + t, 0 = -3*c + c 